{"id":1683,"date":"2024-11-28T08:19:52","date_gmt":"2024-11-28T08:19:52","guid":{"rendered":"https:\/\/lucycovn.com\/?page_id=1683"},"modified":"2024-11-28T08:21:40","modified_gmt":"2024-11-28T08:21:40","slug":"dich-vu-kho-bai","status":"publish","type":"page","link":"https:\/\/lucycovn.com\/index.php\/dich-vu-kho-bai\/","title":{"rendered":"D\u1ecbch v\u1ee5 kho b\u00e3i"},"content":{"rendered":"\t\t<div data-elementor-type=\"wp-page\" data-elementor-id=\"1683\" class=\"elementor elementor-1683\" data-elementor-settings=\"[]\">\n\t\t\t\t\t\t\t<div class=\"elementor-section-wrap\">\n\t\t\t\t\t\t\t<section class=\"elementor-section elementor-top-section elementor-element elementor-element-6b10146 elementor-section-boxed elementor-section-height-default elementor-section-height-default\" data-id=\"6b10146\" data-element_type=\"section\">\n\t\t\t\t\t\t<div class=\"elementor-container elementor-column-gap-default\">\n\t\t\t\t\t<div class=\"elementor-column elementor-col-100 elementor-top-column elementor-element elementor-element-8fd5299\" data-id=\"8fd5299\" data-element_type=\"column\">\n\t\t\t<div class=\"elementor-widget-wrap elementor-element-populated\">\n\t\t\t\t\t\t\t\t<div class=\"elementor-element elementor-element-0e6e55c elementor-widget elementor-widget-heading\" data-id=\"0e6e55c\" data-element_type=\"widget\" data-widget_type=\"heading.default\">\n\t\t\t\t<div class=\"elementor-widget-container\">\n\t\t\t<h2 class=\"elementor-heading-title elementor-size-default\">Nh\u1eefng \u01b0u \u0111i\u1ec3m v\u01b0\u1ee3t tr\u1ed9i c\u1ee7a d\u1ecbch v\u1ee5 kho b\u00e3i t\u1ea1i LUCYCO<\/h2>\t\t<\/div>\n\t\t\t\t<\/div>\n\t\t\t\t\t<\/div>\n\t\t<\/div>\n\t\t\t\t\t\t\t<\/div>\n\t\t<\/section>\n\t\t\t\t<section class=\"elementor-section elementor-top-section elementor-element elementor-element-cb82ed9 elementor-section-boxed elementor-section-height-default elementor-section-height-default\" data-id=\"cb82ed9\" data-element_type=\"section\">\n\t\t\t\t\t\t<div class=\"elementor-container elementor-column-gap-default\">\n\t\t\t\t\t<div class=\"elementor-column elementor-col-100 elementor-top-column elementor-element elementor-element-eb8562a\" data-id=\"eb8562a\" data-element_type=\"column\">\n\t\t\t<div class=\"elementor-widget-wrap elementor-element-populated\">\n\t\t\t\t\t\t\t\t<div class=\"elementor-element elementor-element-b36678a elementor-widget elementor-widget-text-editor\" data-id=\"b36678a\" data-element_type=\"widget\" data-widget_type=\"text-editor.default\">\n\t\t\t\t<div class=\"elementor-widget-container\">\n\t\t\t\t\t\t\t<ul><li><p><strong>H\u1ec7 th\u1ed1ng kho b\u00e3i hi\u1ec7n \u0111\u1ea1i v\u00e0 \u0111a d\u1ea1ng<\/strong><\/p><ul><li><strong>Di\u1ec7n t\u00edch l\u1edbn:<\/strong> Kho b\u00e3i c\u1ee7a LUCYCO \u0111\u01b0\u1ee3c thi\u1ebft k\u1ebf r\u1ed9ng r\u00e3i, c\u00f3 s\u1ee9c ch\u1ee9a l\u1edbn, \u0111\u00e1p \u1ee9ng nhu c\u1ea7u l\u01b0u tr\u1eef h\u00e0ng h\u00f3a t\u1eeb nh\u1ecf l\u1ebb \u0111\u1ebfn s\u1ed1 l\u01b0\u1ee3ng l\u1edbn.<\/li><li><strong>Trang b\u1ecb ti\u00ean ti\u1ebfn:<\/strong> H\u1ec7 th\u1ed1ng k\u1ec7 h\u00e0ng, xe n\u00e2ng, v\u00e0 thi\u1ebft b\u1ecb qu\u1ea3n l\u00fd kho hi\u1ec7n \u0111\u1ea1i gi\u00fap t\u1ed1i \u01b0u h\u00f3a kh\u00f4ng gian l\u01b0u tr\u1eef v\u00e0 gi\u1ea3m thi\u1ec3u th\u1eddi gian x\u1eed l\u00fd h\u00e0ng h\u00f3a.<\/li><li><strong>Ph\u00e2n lo\u1ea1i kho:<\/strong> Bao g\u1ed3m kho th\u01b0\u1eddng, kho l\u1ea1nh (cho h\u00e0ng \u0111\u00f4ng l\u1ea1nh, d\u01b0\u1ee3c ph\u1ea9m), v\u00e0 kho h\u00e0ng nguy hi\u1ec3m, ph\u00f9 h\u1ee3p v\u1edbi m\u1ecdi lo\u1ea1i h\u00ecnh h\u00e0ng h\u00f3a.<\/li><\/ul><\/li><li><p><strong>V\u1ecb tr\u00ed \u0111\u1ecba l\u00fd thu\u1eadn l\u1ee3i<\/strong><br \/>T\u1ecda l\u1ea1c t\u1ea1i H\u1ea3i Ph\u00f2ng \u2013 trung t\u00e2m logistics v\u00e0 c\u1ea3ng bi\u1ec3n l\u1edbn nh\u1ea5t mi\u1ec1n B\u1eafc, d\u1ecbch v\u1ee5 kho b\u00e3i c\u1ee7a LUCYCO gi\u00fap t\u1ed1i \u01b0u h\u00f3a chi ph\u00ed v\u1eadn chuy\u1ec3n v\u00e0 th\u1eddi gian giao nh\u1eadn h\u00e0ng h\u00f3a.<\/p><\/li><li><p><strong>Qu\u1ea3n l\u00fd h\u00e0ng h\u00f3a chuy\u00ean nghi\u1ec7p<\/strong><\/p><ul><li><strong>H\u1ec7 th\u1ed1ng qu\u1ea3n l\u00fd kho th\u00f4ng minh (WMS):<\/strong> Cho ph\u00e9p theo d\u00f5i tr\u1ea1ng th\u00e1i h\u00e0ng h\u00f3a theo th\u1eddi gian th\u1ef1c, t\u1eeb nh\u1eadp kho, l\u01b0u tr\u1eef, \u0111\u1ebfn xu\u1ea5t kho.<\/li><li><strong>Ki\u1ec3m so\u00e1t ch\u1eb7t ch\u1ebd:<\/strong> \u0110\u1ea3m b\u1ea3o h\u00e0ng h\u00f3a \u0111\u01b0\u1ee3c l\u01b0u tr\u1eef \u0111\u00fang c\u00e1ch, tr\u00e1nh h\u01b0 h\u1ecfng, m\u1ea5t m\u00e1t.<\/li><\/ul><\/li><li><p><strong>An to\u00e0n v\u00e0 b\u1ea3o m\u1eadt cao<\/strong><\/p><ul><li><strong>H\u1ec7 th\u1ed1ng gi\u00e1m s\u00e1t:<\/strong> Camera an ninh 24\/7, c\u00f9ng v\u1edbi \u0111\u1ed9i ng\u0169 b\u1ea3o v\u1ec7 chuy\u00ean nghi\u1ec7p, \u0111\u1ea3m b\u1ea3o an to\u00e0n tuy\u1ec7t \u0111\u1ed1i cho h\u00e0ng h\u00f3a.<\/li><li><strong>Ti\u00eau chu\u1ea9n b\u1ea3o qu\u1ea3n:<\/strong> Kho b\u00e3i \u0111\u01b0\u1ee3c thi\u1ebft k\u1ebf \u0111\u00e1p \u1ee9ng c\u00e1c ti\u00eau chu\u1ea9n v\u1ec1 nhi\u1ec7t \u0111\u1ed9, \u0111\u1ed9 \u1ea9m, v\u00e0 c\u00e1c y\u1ebfu t\u1ed1 m\u00f4i tr\u01b0\u1eddng \u0111\u1ec3 b\u1ea3o qu\u1ea3n h\u00e0ng h\u00f3a t\u1ed1i \u01b0u.<\/li><\/ul><\/li><li><p><strong>D\u1ecbch v\u1ee5 linh ho\u1ea1t v\u00e0 t\u00f9y ch\u1ec9nh theo nhu c\u1ea7u<\/strong><\/p><ul><li><strong>Cho thu\u00ea ng\u1eafn h\u1ea1n v\u00e0 d\u00e0i h\u1ea1n:<\/strong> Kh\u00e1ch h\u00e0ng c\u00f3 th\u1ec3 l\u1ef1a ch\u1ecdn h\u00ecnh th\u1ee9c thu\u00ea kho ph\u00f9 h\u1ee3p v\u1edbi nhu c\u1ea7u kinh doanh.<\/li><li><strong>D\u1ecbch v\u1ee5 \u0111i k\u00e8m:<\/strong> Bao g\u1ed3m \u0111\u00f3ng g\u00f3i, ph\u00e2n lo\u1ea1i, v\u00e0 v\u1eadn chuy\u1ec3n h\u00e0ng h\u00f3a, gi\u00fap t\u1ed1i \u01b0u h\u00f3a chu\u1ed7i cung \u1ee9ng c\u1ee7a kh\u00e1ch h\u00e0ng.<\/li><\/ul><\/li><li><p><strong>Chi ph\u00ed h\u1ee3p l\u00fd<\/strong><br \/>LUCYCO cam k\u1ebft mang \u0111\u1ebfn d\u1ecbch v\u1ee5 kho b\u00e3i ch\u1ea5t l\u01b0\u1ee3ng v\u1edbi m\u1ee9c gi\u00e1 c\u1ea1nh tranh, gi\u00fap doanh nghi\u1ec7p ti\u1ebft ki\u1ec7m chi ph\u00ed m\u00e0 v\u1eabn \u0111\u1ea3m b\u1ea3o hi\u1ec7u qu\u1ea3 cao nh\u1ea5t.<\/p><\/li><\/ul>\t\t\t\t\t\t<\/div>\n\t\t\t\t<\/div>\n\t\t\t\t\t<\/div>\n\t\t<\/div>\n\t\t\t\t\t\t\t<\/div>\n\t\t<\/section>\n\t\t\t\t<section class=\"elementor-section elementor-top-section elementor-element elementor-element-edbaecd elementor-section-boxed elementor-section-height-default elementor-section-height-default\" data-id=\"edbaecd\" data-element_type=\"section\">\n\t\t\t\t\t\t<div class=\"elementor-container elementor-column-gap-default\">\n\t\t\t\t\t<div class=\"elementor-column elementor-col-100 elementor-top-column elementor-element elementor-element-217232b\" data-id=\"217232b\" data-element_type=\"column\">\n\t\t\t<div class=\"elementor-widget-wrap elementor-element-populated\">\n\t\t\t\t\t\t\t\t<div class=\"elementor-element elementor-element-91ccfe3 elementor-widget elementor-widget-image\" data-id=\"91ccfe3\" data-element_type=\"widget\" data-widget_type=\"image.default\">\n\t\t\t\t<div class=\"elementor-widget-container\">\n\t\t\t\t\t\t\t\t\t\t\t\t\t\t\t<img loading=\"lazy\" decoding=\"async\" width=\"800\" height=\"532\" src=\"https:\/\/lucycovn.com\/wp-content\/uploads\/2024\/11\/slide5-min.jpg\" class=\"attachment-large size-large\" alt=\"\" srcset=\"https:\/\/lucycovn.com\/wp-content\/uploads\/2024\/11\/slide5-min.jpg 800w, https:\/\/lucycovn.com\/wp-content\/uploads\/2024\/11\/slide5-min-300x200.jpg 300w, https:\/\/lucycovn.com\/wp-content\/uploads\/2024\/11\/slide5-min-768x511.jpg 768w\" sizes=\"(max-width: 800px) 100vw, 800px\" \/>\t\t\t\t\t\t\t\t\t\t\t\t\t\t\t<\/div>\n\t\t\t\t<\/div>\n\t\t\t\t\t<\/div>\n\t\t<\/div>\n\t\t\t\t\t\t\t<\/div>\n\t\t<\/section>\n\t\t\t\t<section class=\"elementor-section elementor-top-section elementor-element elementor-element-fd9efad elementor-section-boxed elementor-section-height-default elementor-section-height-default\" data-id=\"fd9efad\" data-element_type=\"section\">\n\t\t\t\t\t\t<div class=\"elementor-container elementor-column-gap-default\">\n\t\t\t\t\t<div class=\"elementor-column elementor-col-50 elementor-top-column elementor-element elementor-element-d191687\" data-id=\"d191687\" data-element_type=\"column\">\n\t\t\t<div class=\"elementor-widget-wrap elementor-element-populated\">\n\t\t\t\t\t\t\t\t<div class=\"elementor-element elementor-element-54ae706 elementor-widget elementor-widget-text-editor\" data-id=\"54ae706\" data-element_type=\"widget\" data-widget_type=\"text-editor.default\">\n\t\t\t\t<div class=\"elementor-widget-container\">\n\t\t\t\t\t\t\t<h3><strong>Quy tr\u00ecnh d\u1ecbch v\u1ee5 kho b\u00e3i t\u1ea1i LUCYCO<\/strong><\/h3><ol><li><p><strong>T\u01b0 v\u1ea5n v\u00e0 kh\u1ea3o s\u00e1t nhu c\u1ea7u<\/strong><br \/>\u0110\u1ed9i ng\u0169 chuy\u00ean vi\u00ean c\u1ee7a LUCYCO s\u1ebd t\u01b0 v\u1ea5n chi ti\u1ebft d\u1ef1a tr\u00ean lo\u1ea1i h\u00e0ng h\u00f3a, kh\u1ed1i l\u01b0\u1ee3ng, v\u00e0 y\u00eau c\u1ea7u b\u1ea3o qu\u1ea3n c\u1ee7a kh\u00e1ch h\u00e0ng.<\/p><\/li><li><p><strong>K\u00fd h\u1ee3p \u0111\u1ed3ng d\u1ecbch v\u1ee5<\/strong><br \/>X\u00e1c \u0111\u1ecbnh r\u00f5 quy\u1ec1n l\u1ee3i v\u00e0 tr\u00e1ch nhi\u1ec7m c\u1ee7a hai b\u00ean, \u0111\u1ea3m b\u1ea3o minh b\u1ea1ch v\u00e0 an t\u00e2m cho kh\u00e1ch h\u00e0ng.<\/p><\/li><li><p><strong>Nh\u1eadp kho v\u00e0 l\u01b0u tr\u1eef h\u00e0ng h\u00f3a<\/strong><br \/>H\u00e0ng h\u00f3a \u0111\u01b0\u1ee3c ki\u1ec3m tra, ph\u00e2n lo\u1ea1i v\u00e0 l\u01b0u tr\u1eef \u0111\u00fang khu v\u1ef1c theo ti\u00eau chu\u1ea9n, \u0111\u1ea3m b\u1ea3o d\u1ec5 d\u00e0ng truy xu\u1ea5t khi c\u1ea7n.<\/p><\/li><li><p><strong>Theo d\u00f5i v\u00e0 b\u00e1o c\u00e1o<\/strong><br \/>Cung c\u1ea5p b\u00e1o c\u00e1o \u0111\u1ecbnh k\u1ef3 ho\u1eb7c theo y\u00eau c\u1ea7u v\u1ec1 t\u00ecnh tr\u1ea1ng h\u00e0ng h\u00f3a, s\u1ed1 l\u01b0\u1ee3ng t\u1ed3n kho, gi\u00fap kh\u00e1ch h\u00e0ng qu\u1ea3n l\u00fd d\u1ec5 d\u00e0ng.<\/p><\/li><li><p><strong>Xu\u1ea5t kho v\u00e0 giao nh\u1eadn<\/strong><br \/>H\u00e0ng h\u00f3a \u0111\u01b0\u1ee3c chu\u1ea9n b\u1ecb v\u00e0 v\u1eadn chuy\u1ec3n nhanh ch\u00f3ng, \u0111\u00fang th\u1eddi gian cam k\u1ebft.<\/p><\/li><\/ol>\t\t\t\t\t\t<\/div>\n\t\t\t\t<\/div>\n\t\t\t\t\t<\/div>\n\t\t<\/div>\n\t\t\t\t<div class=\"elementor-column elementor-col-50 elementor-top-column elementor-element elementor-element-2a62192\" data-id=\"2a62192\" data-element_type=\"column\">\n\t\t\t<div class=\"elementor-widget-wrap elementor-element-populated\">\n\t\t\t\t\t\t\t\t<div class=\"elementor-element elementor-element-328e3ae elementor-widget elementor-widget-image\" data-id=\"328e3ae\" data-element_type=\"widget\" data-widget_type=\"image.default\">\n\t\t\t\t<div class=\"elementor-widget-container\">\n\t\t\t\t\t\t\t\t\t\t\t\t\t\t\t<img loading=\"lazy\" decoding=\"async\" width=\"960\" height=\"540\" src=\"https:\/\/lucycovn.com\/wp-content\/uploads\/2024\/11\/kho-ba.jpg\" class=\"attachment-large size-large\" alt=\"\" srcset=\"https:\/\/lucycovn.com\/wp-content\/uploads\/2024\/11\/kho-ba.jpg 960w, https:\/\/lucycovn.com\/wp-content\/uploads\/2024\/11\/kho-ba-300x169.jpg 300w, https:\/\/lucycovn.com\/wp-content\/uploads\/2024\/11\/kho-ba-768x432.jpg 768w\" sizes=\"(max-width: 960px) 100vw, 960px\" \/>\t\t\t\t\t\t\t\t\t\t\t\t\t\t\t<\/div>\n\t\t\t\t<\/div>\n\t\t\t\t\t<\/div>\n\t\t<\/div>\n\t\t\t\t\t\t\t<\/div>\n\t\t<\/section>\n\t\t\t\t\t\t<\/div>\n\t\t\t\t\t<\/div>\n\t\t","protected":false},"excerpt":{"rendered":"<p>Nh\u1eefng \u01b0u \u0111i\u1ec3m v\u01b0\u1ee3t tr\u1ed9i c\u1ee7a d\u1ecbch v\u1ee5 kho b\u00e3i t\u1ea1i LUCYCO H\u1ec7 th\u1ed1ng kho b\u00e3i hi\u1ec7n \u0111\u1ea1i v\u00e0 \u0111a d\u1ea1ng Di\u1ec7n t\u00edch l\u1edbn: Kho b\u00e3i c\u1ee7a LUCYCO \u0111\u01b0\u1ee3c thi\u1ebft k\u1ebf r\u1ed9ng r\u00e3i, c\u00f3 s\u1ee9c ch\u1ee9a l\u1edbn, \u0111\u00e1p \u1ee9ng nhu c\u1ea7u l\u01b0u tr\u1eef h\u00e0ng h\u00f3a t\u1eeb nh\u1ecf l\u1ebb \u0111\u1ebfn s\u1ed1 l\u01b0\u1ee3ng l\u1edbn. Trang b\u1ecb ti\u00ean &hellip;<\/p>\n<p class=\"read-more\"> <a class=\"\" href=\"https:\/\/lucycovn.com\/index.php\/dich-vu-kho-bai\/\"> <span class=\"screen-reader-text\">D\u1ecbch v\u1ee5 kho b\u00e3i<\/span> Read More &raquo;<\/a><\/p>\n","protected":false},"author":1,"featured_media":0,"parent":0,"menu_order":0,"comment_status":"closed","ping_status":"closed","template":"","meta":{"site-sidebar-layout":"no-sidebar","site-content-layout":"page-builder","ast-main-header-display":"","ast-hfb-above-header-display":"","ast-hfb-below-header-display":"","ast-hfb-mobile-header-display":"","site-post-title":"disabled","ast-breadcrumbs-content":"","ast-featured-img":"disabled","footer-sml-layout":"","theme-transparent-header-meta":"","adv-header-id-meta":"","stick-header-meta":"","header-above-stick-meta":"","header-main-stick-meta":"","header-below-stick-meta":"","footnotes":""},"class_list":["post-1683","page","type-page","status-publish","hentry"],"_links":{"self":[{"href":"https:\/\/lucycovn.com\/index.php\/wp-json\/wp\/v2\/pages\/1683"}],"collection":[{"href":"https:\/\/lucycovn.com\/index.php\/wp-json\/wp\/v2\/pages"}],"about":[{"href":"https:\/\/lucycovn.com\/index.php\/wp-json\/wp\/v2\/types\/page"}],"author":[{"embeddable":true,"href":"https:\/\/lucycovn.com\/index.php\/wp-json\/wp\/v2\/users\/1"}],"replies":[{"embeddable":true,"href":"https:\/\/lucycovn.com\/index.php\/wp-json\/wp\/v2\/comments?post=1683"}],"version-history":[{"count":4,"href":"https:\/\/lucycovn.com\/index.php\/wp-json\/wp\/v2\/pages\/1683\/revisions"}],"predecessor-version":[{"id":1688,"href":"https:\/\/lucycovn.com\/index.php\/wp-json\/wp\/v2\/pages\/1683\/revisions\/1688"}],"wp:attachment":[{"href":"https:\/\/lucycovn.com\/index.php\/wp-json\/wp\/v2\/media?parent=1683"}],"curies":[{"name":"wp","href":"https:\/\/api.w.org\/{rel}","templated":true}]}}